{"version":"1.0","provider_name":"RO\u017d - Slovensko prosvetno dru\u0161tvo","provider_url":"https:\/\/roz.si\/de\/","author_name":"Niko Me\u010dina","author_url":"https:\/\/roz.si\/de\/author\/niko-mecinagmx-at\/","title":"\"Podaj roko\"_\"Die Hand reichen\" - RO\u017d - Slovensko prosvetno dru\u0161tvo","type":"rich","width":600,"height":338,"html":"<blockquote class=\"wp-embedded-content\" data-secret=\"JWGJPgmG6r\"><a href=\"https:\/\/roz.si\/de\/news\/roz\/podaj-roko_die-hand-reichen\/\">&#8222;Podaj roko&#8220;_&#8220;Die Hand reichen&#8220;<\/a><\/blockquote><iframe sandbox=\"allow-scripts\" security=\"restricted\" src=\"https:\/\/roz.si\/de\/news\/roz\/podaj-roko_die-hand-reichen\/embed\/#?secret=JWGJPgmG6r\" width=\"600\" height=\"338\" title=\"&#8222;&#8222;Podaj roko&#8220;_&#8220;Die Hand reichen&#8220;&#8220; &#8211; RO\u017d - Slovensko prosvetno dru\u0161tvo\" data-secret=\"JWGJPgmG6r\" frameborder=\"0\" marginwidth=\"0\" marginheight=\"0\" scrolling=\"no\" class=\"wp-embedded-content\"><\/iframe><script type=\"text\/javascript\">\n\/* <![CDATA[ *\/\n\/*! This file is auto-generated *\/\n!function(d,l){\"use strict\";l.querySelector&&d.addEventListener&&\"undefined\"!=typeof URL&&(d.wp=d.wp||{},d.wp.receiveEmbedMessage||(d.wp.receiveEmbedMessage=function(e){var t=e.data;if((t||t.secret||t.message||t.value)&&!\/[^a-zA-Z0-9]\/.test(t.secret)){for(var s,r,n,a=l.querySelectorAll('iframe[data-secret=\"'+t.secret+'\"]'),o=l.querySelectorAll('blockquote[data-secret=\"'+t.secret+'\"]'),c=new RegExp(\"^https?:$\",\"i\"),i=0;i<o.length;i++)o[i].style.display=\"none\";for(i=0;i<a.length;i++)s=a[i],e.source===s.contentWindow&&(s.removeAttribute(\"style\"),\"height\"===t.message?(1e3<(r=parseInt(t.value,10))?r=1e3:~~r<200&&(r=200),s.height=r):\"link\"===t.message&&(r=new URL(s.getAttribute(\"src\")),n=new URL(t.value),c.test(n.protocol))&&n.host===r.host&&l.activeElement===s&&(d.top.location.href=t.value))}},d.addEventListener(\"message\",d.wp.receiveEmbedMessage,!1),l.addEventListener(\"DOMContentLoaded\",function(){for(var e,t,s=l.querySelectorAll(\"iframe.wp-embedded-content\"),r=0;r<s.length;r++)(t=(e=s[r]).getAttribute(\"data-secret\"))||(t=Math.random().toString(36).substring(2,12),e.src+=\"#?secret=\"+t,e.setAttribute(\"data-secret\",t)),e.contentWindow.postMessage({message:\"ready\",secret:t},\"*\")},!1)))}(window,document);\n\/\/# sourceURL=https:\/\/roz.si\/wp-includes\/js\/wp-embed.min.js\n\/* ]]> *\/\n<\/script>\n","thumbnail_url":"https:\/\/roz.si\/wp-content\/uploads\/2026\/03\/splet-Loitzl-pdf-1024x683.jpg","thumbnail_width":600,"thumbnail_height":400,"description":"[vc_row][vc_column][vc_single_image image=&#8220;17115&#8243; img_size=&#8220;large&#8220; alignment=&#8220;center&#8220;][vc_empty_space][vc_column_text] Die Textilinstallation von Ina Loitzl in Form einer \u00fcbergro\u00dfen Hand h\u00e4ngt zur Osterzeit in der Filialkirche von St. Peter\/ \u0160entpeter. Ein Videoscreening mit H\u00e4nden von Menschen aus der Gemeinde und ein historisches Foto ihrer Schwiegereltern, die in dieser Kirche geheiratet haben, komplettieren die Installation. Ihre eigene Identit\u00e4t hinterfragt die K\u00fcnstlerin Ina Loitzl als \u00bbZuagraste\u00ab [&hellip;]"}

ROŽ - Slovensko prosvetno društvo

Niko Mečina

"Podaj roko"_"Die Hand reichen" - ROŽ - Slovensko prosvetno društvo

<blockquote class="wp-embedded-content" data-secret="JWGJPgmG6r"><a href="https://roz.si/de/news/roz/podaj-roko_die-hand-reichen/">&#8222;Podaj roko&#8220;_&#8220;Die Hand reichen&#8220;</a></blockquote><iframe sandbox="allow-scripts" security="restricted" src="https://roz.si/de/news/roz/podaj-roko_die-hand-reichen/embed/#?secret=JWGJPgmG6r" width="600" height="338" title="&#8222;&#8222;Podaj roko&#8220;_&#8220;Die Hand reichen&#8220;&#8220; &#8211; ROŽ - Slovensko prosvetno društvo" data-secret="JWGJPgmG6r" frameborder="0" marginwidth="0" marginheight="0" scrolling="no" class="wp-embedded-content"></iframe><script type="text/javascript">
/* <![CDATA[ */
/*! This file is auto-generated */
!function(d,l){"use strict";l.querySelector&&d.addEventListener&&"undefined"!=typeof URL&&(d.wp=d.wp||{},d.wp.receiveEmbedMessage||(d.wp.receiveEmbedMessage=function(e){var t=e.data;if((t||t.secret||t.message||t.value)&&!/[^a-zA-Z0-9]/.test(t.secret)){for(var s,r,n,a=l.querySelectorAll('iframe[data-secret="'+t.secret+'"]'),o=l.querySelectorAll('blockquote[data-secret="'+t.secret+'"]'),c=new RegExp("^https?:$","i"),i=0;i<o.length;i++)o[i].style.display="none";for(i=0;i<a.length;i++)s=a[i],e.source===s.contentWindow&&(s.removeAttribute("style"),"height"===t.message?(1e3<(r=parseInt(t.value,10))?r=1e3:~~r<200&&(r=200),s.height=r):"link"===t.message&&(r=new URL(s.getAttribute("src")),n=new URL(t.value),c.test(n.protocol))&&n.host===r.host&&l.activeElement===s&&(d.top.location.href=t.value))}},d.addEventListener("message",d.wp.receiveEmbedMessage,!1),l.addEventListener("DOMContentLoaded",function(){for(var e,t,s=l.querySelectorAll("iframe.wp-embedded-content"),r=0;r<s.length;r++)(t=(e=s[r]).getAttribute("data-secret"))||(t=Math.random().toString(36).substring(2,12),e.src+="#?secret="+t,e.setAttribute("data-secret",t)),e.contentWindow.postMessage({message:"ready",secret:t},"*")},!1)))}(window,document);
//# sourceURL=https://roz.si/wp-includes/js/wp-embed.min.js
/* ]]> */
</script>

[vc_row][vc_column][vc_single_image image=&#8220;17115&#8243; img_size=&#8220;large&#8220; alignment=&#8220;center&#8220;][vc_empty_space][vc_column_text] Die Textilinstallation von Ina Loitzl in Form einer übergroßen Hand hängt zur Osterzeit in der Filialkirche von St. Peter/ Šentpeter. Ein Videoscreening mit Händen von Menschen aus der Gemeinde und ein historisches Foto ihrer Schwiegereltern, die in dieser Kirche geheiratet haben, komplettieren die Installation. Ihre eigene Identität hinterfragt die Künstlerin Ina Loitzl als »Zuagraste« [&hellip;]
